factor of n(p)?
False
Let i = -73 - -269. Let q = i + -140. Is q a multiple of 17?
False
Suppose -2*l - 7 = 3*s, -3*l - 5 = -5*s + 15. Let x be (5 - (4 - s))/1. Suppose 3*u - 4*f = 92, -5*f + f = -x*u + 68. Is u a multiple of 5?
False
Let v(w) = -2*w**3 - w + 2. Let q be v(-2). Suppose 5*j - q = -4*t - 69, 4*t - 3*j = -41. Let o(a) = -5*a - 23. Is 8 a factor of o(t)?
True
Let j be 1 - (6/4*-106 - 1). Suppose -156*d - 205 = -j*d. Does 28 divide d?
False
Suppose s - 246 = -2*s. Let q = 138 - s. Is q a multiple of 28?
True
Is ((-9458)/4 + (-16)/(-32))/(-1) a multiple of 7?
False
Suppose 88*w + 1074 = 2*y + 90*w, 3*y - 3*w = 1599. Is y a multiple of 37?
False
Let u(c) = -25*c. Let t be u(-4). Suppose -2*b = -2*d + 4 + t, -94 = -2*d + 4*b. Suppose -6*v + 2*v + i = -d, -54 = -4*v + 2*i. Is 15 a factor of v?
True
Let d(x) = x**3 + x**2 + 2*x. Let w be 0/((-1 - -1) + -1). Let z = 2 + w. Is 8 a factor of d(z)?
True
Let g(m) = 22*m + 22. Does 33 divide g(17)?
True
Is 15 a factor of 39 - 43 - (-290 - (0 - 1))?
True
Is 2/(-8) + (-7)/56*-298 a multiple of 3?
False
Let b = -1 - -8. Suppose 5*n = s + b, -n = -0*n - 2. Suppose -216 = -s*w - w. Does 18 divide w?
True
Let t(u) = -4*u + 9 - 2*u - 2*u + 2*u**2. Let x be t(8). Suppose -2*k + r = k - x, -5*k + 121 = -2*r. Is 6 a factor of k?
False
Let v = -24 - -13. Let p = -1 - v. Is 5 a factor of (-235)/(-25) - (-6)/p?
True
Let b(v) = -3*v**3 + 4*v**3 + 1 - 6*v - 5*v**2 + 3. Let q be (-8 + 3 + 3)*-3. Is b(q) a multiple of 4?
True
Let r(b) = -b**3 + b**2 + b + 12. Does 3 divide r(-3)?
True
Let r = -2082 + 3184. Does 5 divide r?
False
Let y = 54 - 49. Suppose y*b - 434 = -54. Is 38 a factor of b?
True
Let x(g) = 86*g**2 + 11*g + 11. Is x(-5) a multiple of 5?
False
Is 44 a factor of ((-11995)/(-1))/(20/4)?
False
Let d(p) = -p**3 - 4*p**2 - 2*p - 6. Let n be d(-4). Suppose n*y + 5*o - 38 = -3, -4*y = 5*o - 65. Does 28 divide (330/(-50))/((-1)/y)?
False
Is 32/16*6/(60/2065) a multiple of 59?
True
Suppose -41*j + 39*j - 5*f = -1051, 2*j - 4*f = 1060. Is j a multiple of 12?
True
Suppose 0 = 59*t - 23123 + 467. Is 16 a factor of t?
True
Suppose 0 = -15*f + 10*f + 55. Suppose -9*r - 16 = -f*r. Is r a multiple of 2?
True
Let v = -48 - -52. Suppose v*m = 12 + 40. Does 5 divide m?
False
Suppose -3 = -2*a + a. Suppose r = -a*r + 416. Is r a multiple of 8?
True
Let u = 1620 - 550. Is 10 a factor of u?
True
Let m(k) = k**2 + 14*k + 16. Let y be m(-12). Let z = -6 - y. Is 2 a factor of z?
True
Let b be (-242 + 0)/(-4 + (-28)/(-8)). Let h = b + -288. Does 14 divide h?
True
Suppose -4*b - 8 = -2*b, -2*t - 276 = -3*b. Let z = -78 - t. Is 12 a factor of z?
False
Let o(z) = 4*z**2 + z + 6. Suppose -u + 37 = 4*u + l, 5*u + 5*l - 45 = 0. Let b be o(u). Suppose 5*s = -3*g + b, 0*s + 4*s - 276 = -4*g. Is 13 a factor of g?
False
Let s(m) = -m**3 - 4*m**2 + 7*m - 6. Let i be s(-6). Let o(h) = 3*h - 5. Let q be o(4). Let j = i + q. Is 8 a factor of j?
False
Let i = 206 - 124. Does 5 divide i?
False
Suppose 0 = 4*f + 8, 6*a = 2*a + 4*f + 136. Is 19 a factor of a?
False
Let l = 1144 + -264. Is 40 a factor of l?
True
Suppose 32 = -2*y + 4*q, -4*y - 69 = -4*q - 25. Let p = 17 + y. Suppose -k - p = -54. Is k a multiple of 18?
False
Let x(f) = -4*f**2 + 5*f - 3. Let p be x(4). Let j be -2 - 1*(-105)/5. Let y = j - p. Is y a multiple of 17?
False
Let y = -53 - -197. Is 12 a factor of y?
True
Suppose -w = -i + 77, -21 = 2*i - 11. Suppose -2*c - 4*k = -3*c - 31, -4*c - 136 = -4*k. Does 9 divide w/5*c/14?
False
Suppose 4*o - 6 = -4*i - o, -i + 5*o = -14. Suppose 0 = i*f - 3*f. Suppose -s = -f*s - 40. Is 10 a factor of s?
True
Let f(u) = -8*u + 38. Let t be f(4). Suppose 0 = -t*p - p + 1561. Does 15 divide p?
False
Suppose i - n = 121, 15*n - 10*n = i - 137. Is 13 a factor of i?
True
Let z(p) = 4*p**2 + 8*p - 10. Is z(4) a multiple of 26?
False
Suppose -14*y + 7020 = y. Is y a multiple of 6?
True
Does 7 divide 1/(1/(-2))*(-1113)/106?
True
Suppose -3*d + 5*i - 11012 = -7*d, 4*d = i + 11036. Is d a multiple of 87?
False
Suppose 4*d = c + 56, 0 = c - 5*c + 4*d - 236. Let s be (84/(-10))/(18/c). Is (-930)/(-21) + (-8)/s a multiple of 15?
False
Let s = 1603 - 589. Does 78 divide s?
True
Suppose 0 = 2*p - 7*p - 3*c + 30, -3*c + 6 = -3*p. Suppose -5*q = 5*f - 17 - 103, 0 = p*f - 5*q - 40. Is 5 a factor of f?
True
Suppose 0 = 15*n - 5*n - 10730. Does 49 divide n?
False
Is (-1 - -4)*(-6)/(-8)*4 even?
False
Suppose 129 = 8*n - 823. Is n a multiple of 5?
False
Let x(v) = -3*v + 9. Let p be x(4). Let h = 8 + p. Suppose 0 = h*z + 3*c - 209, 4 = 3*c - 5. Does 20 divide z?
True
Suppose 776 = 3*c + 5*j, 3*c + 5*j - 7*j - 811 = 0. Is 16 a factor of c?
False
Let c be 2/(-8)*2*(31 - -1). Let a = 6 - c. Is 11 a factor of a?
True
Let v = 1685 - 828. Is 13 a factor of v?
False
Let l be 549/(-36) + (-2)/(-8). Let t be 2*(0 - l/6). Is 2 a factor of (t/4)/((-2)/(-8))?
False
Let g(j) = j**2 + 1. Let i be g(2). Suppose i = -q + 3. Is q/((-4)/(-6)) - -22 a multiple of 13?
False
Does 56 divide 1501 + (-1 + 8 - -4)?
True
Let p(d) = -d**3 + 2*d**2 + d + 740. Is p(0) a multiple of 20?
True
Suppose -g - 4*g - y + 30 = 0, 3*y = -3*g + 30. Suppose 0*f + 160 = g*f. Is (4 - 15/6)*f a multiple of 24?
True
Let t = -22 - -34. Let w be ((-18)/t)/((-3)/(-4)). Is 2 a factor of w/(-14) - (-13)/7?
True
Let b(s) be the first derivative of 9*s**2/2 - 8*s + 21. Let z(i) = -i**3 + 9*i**2 + 11*i - 6. Let q be z(10). Is 14 a factor of b(q)?
True
Let k(y) = -2*y + 34. Is 3 a factor of k(-9)?
False
Suppose 38*d = 39*d - 49. Does 7 divide d?
True
Let l(w) = w**2 + 1. Let q be l(1). Let t = -71 - -94. Let d = t - q. Does 7 divide d?
True
Let d be ((-6)/(-9))/((-2)/(-6)). Suppose -60 = -2*h - d*h. Is 12 a factor of h?
False
Let t = 524 - 749. Let h be (t/2)/((-3)/4). Suppose h = 3*s - 5*y, -s - 4*y - 153 = -4*s. Is s a multiple of 22?
False
Let f(v) = -2*v**2 + 7*v - 4. Let j be f(4). Let l = j - -10. Does 7 divide 98/42*(l + 1)?
True
Suppose 0*o + 141 = 5*o + 2*b, 0 = -2*b + 6. Is 4 a factor of o?
False
Is 10 a factor of (-34)/(-17) - (-1457)/1?
False
Suppose 0 = 4*m + 16, -90 = -2*h + 5*m + 132. Does 28 divide h?
False
Suppose 5*x - 3*h = 6105, -2576 - 1053 = -3*x - 5*h. Does 87 divide x?
True
Let q be 4794/15 + 6/15. Suppose s = -2*k + 85, q = 2*s + 2*s + 4*k. Suppose d = 4*h - 92, -4*h + 4*d + 29 = -s. Does 6 divide h?
False
Suppose 2*l - 3*l + 6 = 0. Suppose 0 = 2*w - i - 235, l*i + 570 = 5*w + 7*i. Does 15 divide w?
False
Is 4808/8 - (-10 + 3) a multiple of 19?
True
Let d(t) = t**3 - 17*t**2 - 27*t + 174. Is d(18) a multiple of 3?
True
Let x(k) = k**3 + 8*k**2 + 3*k - 4. Let y be x(-7). Suppose n - 106 = y. Suppose 0 = -2*i + 5*d + 158, 7*i - 5*i = -2*d + n. Is 23 a factor of i?
True
Let i = -88 + 89. Is (-2*(-21)/6)/(i/6) a multiple of 5?
False
Let q(x) = -x**3 + 6*x**2 + x - 11. Let a be q(6). Let g be (-3 - -1)*a/5. Suppose 40 = g*w + 10. Is w a multiple of 5?
True
Let m = 44 + 292. Does 22 divide m?
False
Let y(a) = -a**2 - 16*a + 7. Suppose 0 = 4*c + 5*t - 22, -2*c - 2*t + 8 = -4. Suppose 0 = -5*n + c + 12, -3*n - 24 = 4*v. Is 37 a factor of y(v)?
False
Suppose 2*r - 24 = -4*z, -19 + 48 = 5*z + 3*r. Let m(g) be the third derivative of 5*g**4/24 + g**3/2 - g**2. Does 12 divide m(z)?
False
Let v(c) = -c**2 - 14*c - 15. Let w be v(-13). Let p = w - -38. Is 9 a factor of p?
True
Let c(f) = 5*f + 50. Let k be c(15). Suppose -96 = -4*g - 4*n + 392, -4*n = g - k. Is 30 a factor of g?
False
Let v = 4420 - 2414. Is v a multiple of 34?
True
Suppose -v + 3*c + 228 = 2*c, v = -4*c + 233. Let q = v + -125. Does 26 divide q?
True
Let k = -36 + 33. Does 17 divide k/(-9)*0 + 204?
True
Let k be (8 - 5) + 0 + 13. Suppose 0 = -5*n - k + 46. Suppose -3*v - 4*o + 28 = -2*o, n = 3*o. Is 5 a factor of v?
False
Suppose 0*x + x + 2 = 0. Let f be (-590)/(-35) + x/(-14). Let g(a) = a**3 - 17*a**2 + 5*a - 10. Is g(f) a multiple of 25?
True
Suppose 0 = -4*z - 2*i + 2438, 1811 = 3*z - 2*i + 7*i. Suppose 5*t - 2*t + 2*v = 474, 0 = 4*t - 4*v - z. Is 39 a factor of t?
True
Suppose 1552 = 2*g + f, -f = -2*f - 2. Is 21 a factor of g?
True
Let o(z) = 13*z - 26. Let s be o(11). Let g = 182 - s. Is g a multiple of 30?
False
Let r = -46 - -15. Let t = 94 - r. Is 31 a factor of t?
False
Let z(n) = -24*n - 38. Suppose 5*p - 6*m = 